{"id":1262,"date":"2025-03-18T14:34:51","date_gmt":"2025-03-18T13:34:51","guid":{"rendered":"https:\/\/frenchrivieraagency.com\/?page_id=1262"},"modified":"2025-10-15T14:20:52","modified_gmt":"2025-10-15T12:20:52","slug":"communication","status":"publish","type":"page","link":"https:\/\/frenchrivieraagency.com\/index.php\/communication\/","title":{"rendered":"COMMUNICATION"},"content":{"rendered":"<p>[et_pb_section fb_built=\u00a0\u00bb1&Prime; _builder_version=\u00a0\u00bb4.23.1&Prime; _module_preset=\u00a0\u00bbdefault\u00a0\u00bb background_color=\u00a0\u00bb#000000&Prime; min_height=\u00a0\u00bb337.6px\u00a0\u00bb custom_padding=\u00a0\u00bb0px||0px|||\u00a0\u00bb global_colors_info=\u00a0\u00bb{}\u00a0\u00bb][et_pb_row _builder_version=\u00a0\u00bb4.23.1&Prime; _module_preset=\u00a0\u00bbdefault\u00a0\u00bb custom_padding=\u00a0\u00bb0px|||||\u00a0\u00bb global_colors_info=\u00a0\u00bb{}\u00a0\u00bb][et_pb_column type=\u00a0\u00bb4_4&Prime; _builder_version=\u00a0\u00bb4.23.1&Prime; _module_preset=\u00a0\u00bbdefault\u00a0\u00bb global_colors_info=\u00a0\u00bb{}\u00a0\u00bb][et_pb_text _builder_version=\u00a0\u00bb4.23.1&Prime; _module_preset=\u00a0\u00bbdefault\u00a0\u00bb text_font=\u00a0\u00bbPlayfair Display|800|||||||\u00a0\u00bb custom_padding=\u00a0\u00bb0px||34px|||\u00a0\u00bb text_font_last_edited=\u00a0\u00bboff|desktop\u00a0\u00bb inline_fonts=\u00a0\u00bbPlayfair Display SC\u00a0\u00bb global_colors_info=\u00a0\u00bb{}\u00a0\u00bb]<\/p>\n<h1 style=\"text-align: center;\"><span style=\"font-family: 'Playfair Display SC'; font-weight: normal;\"><strong><span style=\"color: #f0d591;\">PERSONNALISEZ VOTRE COMMUNICATION<\/span><\/strong><\/span><\/h1>\n<p>[\/et_pb_text][et_pb_image src=\u00a0\u00bbhttps:\/\/frenchrivieraagency.com\/wp-content\/uploads\/2025\/03\/Copie-de-Copie-de-Copie-de-PLAQUETTE-COMMUNICATION-.png\u00a0\u00bb title_text=\u00a0\u00bbCopie de Copie de Copie de PLAQUETTE COMMUNICATION\u00a0\u00bb _builder_version=\u00a0\u00bb4.23.1&Prime; _module_preset=\u00a0\u00bbdefault\u00a0\u00bb global_colors_info=\u00a0\u00bb{}\u00a0\u00bb][\/et_pb_image][\/et_pb_column][\/et_pb_row][et_pb_row _builder_version=\u00a0\u00bb4.23.1&Prime; _module_preset=\u00a0\u00bbdefault\u00a0\u00bb custom_padding=\u00a0\u00bb36px|||||\u00a0\u00bb global_colors_info=\u00a0\u00bb{}\u00a0\u00bb][et_pb_column type=\u00a0\u00bb4_4&Prime; _builder_version=\u00a0\u00bb4.23.1&Prime; _module_preset=\u00a0\u00bbdefault\u00a0\u00bb global_colors_info=\u00a0\u00bb{}\u00a0\u00bb][et_pb_text _builder_version=\u00a0\u00bb4.23.1&Prime; _module_preset=\u00a0\u00bbdefault\u00a0\u00bb global_colors_info=\u00a0\u00bb{}\u00a0\u00bb]<\/p>\n<p style=\"text-align: center;\"><span style=\"color: #ffffff;\">Nous somme une agence de communation digitale 360. Nous proposons \u00e0 nos clients des stat\u00e9gies uniques et innovantes pour r\u00e9pondre \u00e0 leurs besoins et atteindre leurs objectifs. Nous utilisons les technologies les plus r\u00e9centes afin de s&rsquo;adpater constamment aux derni\u00e8res tendances \u00e9mergentes. Nous collaborons avec des marques haut de gamme ayant un fort potentiel de communication et d&rsquo;engagement d\u00fb \u00e0 leur activit\u00e9. Notre objectif : magnifier votre image et d\u00e9cupler vos performances digitales pour vous propulser au sommet de vos r\u00e9seaux\u00a0<\/span><\/p>\n<p>[\/et_pb_text][\/et_pb_column][\/et_pb_row][et_pb_row _builder_version=\u00a0\u00bb4.23.1&Prime; _module_preset=\u00a0\u00bbdefault\u00a0\u00bb custom_margin=\u00a0\u00bb27px|auto||auto||\u00a0\u00bb global_colors_info=\u00a0\u00bb{}\u00a0\u00bb][et_pb_column type=\u00a0\u00bb4_4&Prime; _builder_version=\u00a0\u00bb4.23.1&Prime; _module_preset=\u00a0\u00bbdefault\u00a0\u00bb global_colors_info=\u00a0\u00bb{}\u00a0\u00bb][et_pb_text _builder_version=\u00a0\u00bb4.23.1&Prime; _module_preset=\u00a0\u00bbdefault\u00a0\u00bb global_colors_info=\u00a0\u00bb{}\u00a0\u00bb]<\/p>\n<h1 style=\"text-align: center;\"><span style=\"font-family: 'Playfair Display SC'; font-weight: normal;\"><strong><span style=\"color: #f0d591;\">NOS EXPERTISES<\/span><\/strong><\/span><\/h1>\n<p>[\/et_pb_text][\/et_pb_column][\/et_pb_row][et_pb_row column_structure=\u00a0\u00bb1_3,1_3,1_3&Prime; _builder_version=\u00a0\u00bb4.23.1&Prime; _module_preset=\u00a0\u00bbdefault\u00a0\u00bb custom_padding=\u00a0\u00bb40px|||||\u00a0\u00bb global_colors_info=\u00a0\u00bb{}\u00a0\u00bb][et_pb_column type=\u00a0\u00bb1_3&Prime; _builder_version=\u00a0\u00bb4.23.1&Prime; _module_preset=\u00a0\u00bbdefault\u00a0\u00bb global_colors_info=\u00a0\u00bb{}\u00a0\u00bb][et_pb_text _builder_version=\u00a0\u00bb4.23.1&Prime; _module_preset=\u00a0\u00bbdefault\u00a0\u00bb custom_padding=\u00a0\u00bb16px||||false|false\u00a0\u00bb global_colors_info=\u00a0\u00bb{}\u00a0\u00bb]<\/p>\n<h3 style=\"text-align: center;\"><span style=\"font-family: 'Playfair Display SC'; font-weight: normal;\"><strong><span style=\"color: #f0d591;\">SOCIAL MEDIA<\/span><\/strong><\/span><\/h3>\n<p><span style=\"font-family: 'Playfair Display SC'; font-weight: normal;\"><strong><span style=\"color: #f0d591;\"><\/span><\/strong><\/span><\/p>\n<p><span style=\"font-family: 'Playfair Display SC'; font-weight: normal;\"><strong><span style=\"color: #f0d591;\"><\/span><\/strong><\/span><\/p>\n<ul>\n<li><span class=\"OYPEnA font-feature-liga-off font-feature-clig-off font-feature-calt-off text-decoration-none text-strikethrough-none\" style=\"color: #ffffff;\">\u00c9laboration de strat\u00e9gie<\/span><\/li>\n<li><span class=\"OYPEnA font-feature-liga-off font-feature-clig-off font-feature-calt-off text-decoration-none text-strikethrough-none\" style=\"color: #ffffff;\">Community management<\/span><\/li>\n<li><span class=\"OYPEnA font-feature-liga-off font-feature-clig-off font-feature-calt-off text-decoration-none text-strikethrough-none\" style=\"color: #ffffff;\">Analyses statistiques<\/span><\/li>\n<li><span class=\"OYPEnA font-feature-liga-off font-feature-clig-off font-feature-calt-off text-decoration-none text-strikethrough-none\" style=\"color: #ffffff;\">Campagnes sponsoris\u00e9es<\/span><\/li>\n<\/ul>\n<p>[\/et_pb_text][\/et_pb_column][et_pb_column type=\u00a0\u00bb1_3&Prime; _builder_version=\u00a0\u00bb4.23.1&Prime; _module_preset=\u00a0\u00bbdefault\u00a0\u00bb global_colors_info=\u00a0\u00bb{}\u00a0\u00bb][et_pb_text _builder_version=\u00a0\u00bb4.23.1&Prime; _module_preset=\u00a0\u00bbdefault\u00a0\u00bb custom_padding=\u00a0\u00bb16px|||||\u00a0\u00bb global_colors_info=\u00a0\u00bb{}\u00a0\u00bb]<\/p>\n<h3 style=\"text-align: center;\"><span style=\"font-family: 'Playfair Display SC'; font-weight: normal;\"><strong><span style=\"color: #f0d591;\">PHOTOS \/ VID\u00c9OS<\/span><\/strong><\/span><\/h3>\n<p style=\"text-align: left;\"><span class=\"OYPEnA font-feature-liga-off font-feature-clig-off font-feature-calt-off text-decoration-none text-strikethrough-none\" style=\"color: #ffffff;\"><\/span><\/p>\n<ul>\n<li style=\"text-align: left;\"><span class=\"OYPEnA font-feature-liga-off font-feature-clig-off font-feature-calt-off text-decoration-none text-strikethrough-none\" style=\"color: #ffffff;\">Shooting photo<\/span><\/li>\n<li style=\"text-align: left;\"><span class=\"OYPEnA font-feature-liga-off font-feature-clig-off font-feature-calt-off text-decoration-none text-strikethrough-none\" style=\"color: #ffffff;\">Tournage vid\u00e9o<\/span><\/li>\n<li style=\"text-align: left;\"><span class=\"OYPEnA font-feature-liga-off font-feature-clig-off font-feature-calt-off text-decoration-none text-strikethrough-none\" style=\"color: #ffffff;\">Photos \/ Vid\u00e9os drone<\/span><\/li>\n<li style=\"text-align: left;\"><span class=\"OYPEnA font-feature-liga-off font-feature-clig-off font-feature-calt-off text-decoration-none text-strikethrough-none\" style=\"color: #ffffff;\">Montages vid\u00e9os<\/span><\/li>\n<\/ul>\n<p><span class=\"OYPEnA font-feature-liga-off font-feature-clig-off font-feature-calt-off text-decoration-none text-strikethrough-none\"><\/span><\/p>\n<p>[\/et_pb_text][\/et_pb_column][et_pb_column type=\u00a0\u00bb1_3&Prime; _builder_version=\u00a0\u00bb4.23.1&Prime; _module_preset=\u00a0\u00bbdefault\u00a0\u00bb global_colors_info=\u00a0\u00bb{}\u00a0\u00bb][et_pb_text _builder_version=\u00a0\u00bb4.23.1&Prime; _module_preset=\u00a0\u00bbdefault\u00a0\u00bb custom_padding=\u00a0\u00bb16px||||false|false\u00a0\u00bb global_colors_info=\u00a0\u00bb{}\u00a0\u00bb]<\/p>\n<h3 style=\"text-align: center;\"><span style=\"font-family: 'Playfair Display SC'; font-weight: normal;\"><strong><span style=\"color: #f0d591;\">BRANDING<\/span><\/strong><\/span><\/h3>\n<p><span class=\"OYPEnA font-feature-liga-off font-feature-clig-off font-feature-calt-off text-decoration-none text-strikethrough-none\" style=\"color: #ffffff;\"><\/span><\/p>\n<p><span class=\"OYPEnA font-feature-liga-off font-feature-clig-off font-feature-calt-off text-decoration-none text-strikethrough-none\" style=\"color: #ffffff;\"><\/span><\/p>\n<ul>\n<li><span class=\"OYPEnA font-feature-liga-off font-feature-clig-off font-feature-calt-off text-decoration-none text-strikethrough-none\" style=\"color: #ffffff;\">Charte graphique<\/span><\/li>\n<li><span class=\"OYPEnA font-feature-liga-off font-feature-clig-off font-feature-calt-off text-decoration-none text-strikethrough-none\" style=\"color: #ffffff;\">Cr\u00e9ation logo<\/span><\/li>\n<li><span class=\"OYPEnA font-feature-liga-off font-feature-clig-off font-feature-calt-off text-decoration-none text-strikethrough-none\" style=\"color: #ffffff;\">Contenus graphique<\/span><\/li>\n<li><span class=\"OYPEnA font-feature-liga-off font-feature-clig-off font-feature-calt-off text-decoration-none text-strikethrough-none\" style=\"color: #ffffff;\">Cr\u00e9ation IA<\/span><\/li>\n<\/ul>\n<p>[\/et_pb_text][\/et_pb_column][\/et_pb_row][et_pb_row _builder_version=\u00a0\u00bb4.23.1&Prime; _module_preset=\u00a0\u00bbdefault\u00a0\u00bb custom_padding=\u00a0\u00bb20px|||||\u00a0\u00bb global_colors_info=\u00a0\u00bb{}\u00a0\u00bb][et_pb_column type=\u00a0\u00bb4_4&Prime; _builder_version=\u00a0\u00bb4.23.1&Prime; _module_preset=\u00a0\u00bbdefault\u00a0\u00bb global_colors_info=\u00a0\u00bb{}\u00a0\u00bb][et_pb_button button_url=\u00a0\u00bbhttps:\/\/frenchrivieraagency.com\/#contact\u00a0\u00bb button_text=\u00a0\u00bbCONTACTEZ-NOUS\u00a0\u00bb button_alignment=\u00a0\u00bbcenter\u00a0\u00bb _builder_version=\u00a0\u00bb4.23.1&Prime; _module_preset=\u00a0\u00bbdefault\u00a0\u00bb custom_button=\u00a0\u00bbon\u00a0\u00bb button_text_color=\u00a0\u00bb#FFFFFF\u00a0\u00bb button_border_width=\u00a0\u00bb1px\u00a0\u00bb button_border_radius=\u00a0\u00bb100px\u00a0\u00bb button_font=\u00a0\u00bb|600|||||||\u00a0\u00bb custom_margin=\u00a0\u00bb23px|||||\u00a0\u00bb global_colors_info=\u00a0\u00bb{}\u00a0\u00bb][\/et_pb_button][\/et_pb_column][\/et_pb_row][\/et_pb_section]<\/p>\n","protected":false},"excerpt":{"rendered":"<p>PERSONNALISEZ VOTRE COMMUNICATIONNous somme une agence de communation digitale 360. Nous proposons \u00e0 nos clients des stat\u00e9gies uniques et innovantes pour r\u00e9pondre \u00e0 leurs besoins et atteindre leurs objectifs. Nous utilisons les technologies les plus r\u00e9centes afin de s&rsquo;adpater constamment aux derni\u00e8res tendances \u00e9mergentes. Nous collaborons avec des marques haut de gamme ayant un fort [&hellip;]<\/p>\n","protected":false},"author":1,"featured_media":0,"parent":0,"menu_order":0,"comment_status":"closed","ping_status":"closed","template":"","meta":{"_et_pb_use_builder":"on","_et_pb_old_content":"","_et_gb_content_width":"","footnotes":""},"class_list":["post-1262","page","type-page","status-publish","hentry"],"yoast_head":"<!-- This site is optimized with the Yoast SEO plugin v21.5 - https:\/\/yoast.com\/wordpress\/plugins\/seo\/ -->\n<title>COMMUNICATION - French Riviera Agency<\/title>\n<meta name=\"robots\" content=\"index, follow, max-snippet:-1, max-image-preview:large, max-video-preview:-1\" \/>\n<link rel=\"canonical\" href=\"https:\/\/frenchrivieraagency.com\/index.php\/communication\/\" \/>\n<meta property=\"og:locale\" content=\"fr_FR\" \/>\n<meta property=\"og:type\" content=\"article\" \/>\n<meta property=\"og:title\" content=\"COMMUNICATION - French Riviera Agency\" \/>\n<meta property=\"og:description\" content=\"PERSONNALISEZ VOTRE COMMUNICATIONNous somme une agence de communation digitale 360. Nous proposons \u00e0 nos clients des stat\u00e9gies uniques et innovantes pour r\u00e9pondre \u00e0 leurs besoins et atteindre leurs objectifs. Nous utilisons les technologies les plus r\u00e9centes afin de s&#039;adpater constamment aux derni\u00e8res tendances \u00e9mergentes. Nous collaborons avec des marques haut de gamme ayant un fort [&hellip;]\" \/>\n<meta property=\"og:url\" content=\"https:\/\/frenchrivieraagency.com\/index.php\/communication\/\" \/>\n<meta property=\"og:site_name\" content=\"French Riviera Agency\" \/>\n<meta property=\"article:modified_time\" content=\"2025-10-15T12:20:52+00:00\" \/>\n<meta name=\"twitter:card\" content=\"summary_large_image\" \/>\n<script type=\"application\/ld+json\" class=\"yoast-schema-graph\">{\"@context\":\"https:\/\/schema.org\",\"@graph\":[{\"@type\":\"WebPage\",\"@id\":\"https:\/\/frenchrivieraagency.com\/index.php\/communication\/\",\"url\":\"https:\/\/frenchrivieraagency.com\/index.php\/communication\/\",\"name\":\"COMMUNICATION - French Riviera Agency\",\"isPartOf\":{\"@id\":\"https:\/\/frenchrivieraagency.com\/#website\"},\"datePublished\":\"2025-03-18T13:34:51+00:00\",\"dateModified\":\"2025-10-15T12:20:52+00:00\",\"breadcrumb\":{\"@id\":\"https:\/\/frenchrivieraagency.com\/index.php\/communication\/#breadcrumb\"},\"inLanguage\":\"fr-FR\",\"potentialAction\":[{\"@type\":\"ReadAction\",\"target\":[\"https:\/\/frenchrivieraagency.com\/index.php\/communication\/\"]}]},{\"@type\":\"BreadcrumbList\",\"@id\":\"https:\/\/frenchrivieraagency.com\/index.php\/communication\/#breadcrumb\",\"itemListElement\":[{\"@type\":\"ListItem\",\"position\":1,\"name\":\"Accueil\",\"item\":\"https:\/\/frenchrivieraagency.com\/\"},{\"@type\":\"ListItem\",\"position\":2,\"name\":\"COMMUNICATION\"}]},{\"@type\":\"WebSite\",\"@id\":\"https:\/\/frenchrivieraagency.com\/#website\",\"url\":\"https:\/\/frenchrivieraagency.com\/\",\"name\":\"French Riviera Agency\",\"description\":\"Votre Portail pour des \u00c9v\u00e9nements Incomparables sur la C\u00f4te d&#039;Azur\",\"publisher\":{\"@id\":\"https:\/\/frenchrivieraagency.com\/#organization\"},\"potentialAction\":[{\"@type\":\"SearchAction\",\"target\":{\"@type\":\"EntryPoint\",\"urlTemplate\":\"https:\/\/frenchrivieraagency.com\/?s={search_term_string}\"},\"query-input\":\"required name=search_term_string\"}],\"inLanguage\":\"fr-FR\"},{\"@type\":\"Organization\",\"@id\":\"https:\/\/frenchrivieraagency.com\/#organization\",\"name\":\"French Riviera Agency\",\"url\":\"https:\/\/frenchrivieraagency.com\/\",\"logo\":{\"@type\":\"ImageObject\",\"inLanguage\":\"fr-FR\",\"@id\":\"https:\/\/frenchrivieraagency.com\/#\/schema\/logo\/image\/\",\"url\":\"https:\/\/frenchrivieraagency.com\/wp-content\/uploads\/2024\/04\/Logo-FRA-Redimensionne-Nouvelle-version.png\",\"contentUrl\":\"https:\/\/frenchrivieraagency.com\/wp-content\/uploads\/2024\/04\/Logo-FRA-Redimensionne-Nouvelle-version.png\",\"width\":950,\"height\":714,\"caption\":\"French Riviera Agency\"},\"image\":{\"@id\":\"https:\/\/frenchrivieraagency.com\/#\/schema\/logo\/image\/\"}}]}<\/script>\n<!-- \/ Yoast SEO plugin. -->","yoast_head_json":{"title":"COMMUNICATION - French Riviera Agency","robots":{"index":"index","follow":"follow","max-snippet":"max-snippet:-1","max-image-preview":"max-image-preview:large","max-video-preview":"max-video-preview:-1"},"canonical":"https:\/\/frenchrivieraagency.com\/index.php\/communication\/","og_locale":"fr_FR","og_type":"article","og_title":"COMMUNICATION - French Riviera Agency","og_description":"PERSONNALISEZ VOTRE COMMUNICATIONNous somme une agence de communation digitale 360. Nous proposons \u00e0 nos clients des stat\u00e9gies uniques et innovantes pour r\u00e9pondre \u00e0 leurs besoins et atteindre leurs objectifs. Nous utilisons les technologies les plus r\u00e9centes afin de s'adpater constamment aux derni\u00e8res tendances \u00e9mergentes. Nous collaborons avec des marques haut de gamme ayant un fort [&hellip;]","og_url":"https:\/\/frenchrivieraagency.com\/index.php\/communication\/","og_site_name":"French Riviera Agency","article_modified_time":"2025-10-15T12:20:52+00:00","twitter_card":"summary_large_image","schema":{"@context":"https:\/\/schema.org","@graph":[{"@type":"WebPage","@id":"https:\/\/frenchrivieraagency.com\/index.php\/communication\/","url":"https:\/\/frenchrivieraagency.com\/index.php\/communication\/","name":"COMMUNICATION - French Riviera Agency","isPartOf":{"@id":"https:\/\/frenchrivieraagency.com\/#website"},"datePublished":"2025-03-18T13:34:51+00:00","dateModified":"2025-10-15T12:20:52+00:00","breadcrumb":{"@id":"https:\/\/frenchrivieraagency.com\/index.php\/communication\/#breadcrumb"},"inLanguage":"fr-FR","potentialAction":[{"@type":"ReadAction","target":["https:\/\/frenchrivieraagency.com\/index.php\/communication\/"]}]},{"@type":"BreadcrumbList","@id":"https:\/\/frenchrivieraagency.com\/index.php\/communication\/#breadcrumb","itemListElement":[{"@type":"ListItem","position":1,"name":"Accueil","item":"https:\/\/frenchrivieraagency.com\/"},{"@type":"ListItem","position":2,"name":"COMMUNICATION"}]},{"@type":"WebSite","@id":"https:\/\/frenchrivieraagency.com\/#website","url":"https:\/\/frenchrivieraagency.com\/","name":"French Riviera Agency","description":"Votre Portail pour des \u00c9v\u00e9nements Incomparables sur la C\u00f4te d&#039;Azur","publisher":{"@id":"https:\/\/frenchrivieraagency.com\/#organization"},"potentialAction":[{"@type":"SearchAction","target":{"@type":"EntryPoint","urlTemplate":"https:\/\/frenchrivieraagency.com\/?s={search_term_string}"},"query-input":"required name=search_term_string"}],"inLanguage":"fr-FR"},{"@type":"Organization","@id":"https:\/\/frenchrivieraagency.com\/#organization","name":"French Riviera Agency","url":"https:\/\/frenchrivieraagency.com\/","logo":{"@type":"ImageObject","inLanguage":"fr-FR","@id":"https:\/\/frenchrivieraagency.com\/#\/schema\/logo\/image\/","url":"https:\/\/frenchrivieraagency.com\/wp-content\/uploads\/2024\/04\/Logo-FRA-Redimensionne-Nouvelle-version.png","contentUrl":"https:\/\/frenchrivieraagency.com\/wp-content\/uploads\/2024\/04\/Logo-FRA-Redimensionne-Nouvelle-version.png","width":950,"height":714,"caption":"French Riviera Agency"},"image":{"@id":"https:\/\/frenchrivieraagency.com\/#\/schema\/logo\/image\/"}}]}},"jetpack_sharing_enabled":true,"_links":{"self":[{"href":"https:\/\/frenchrivieraagency.com\/index.php\/wp-json\/wp\/v2\/pages\/1262","targetHints":{"allow":["GET"]}}],"collection":[{"href":"https:\/\/frenchrivieraagency.com\/index.php\/wp-json\/wp\/v2\/pages"}],"about":[{"href":"https:\/\/frenchrivieraagency.com\/index.php\/wp-json\/wp\/v2\/types\/page"}],"author":[{"embeddable":true,"href":"https:\/\/frenchrivieraagency.com\/index.php\/wp-json\/wp\/v2\/users\/1"}],"replies":[{"embeddable":true,"href":"https:\/\/frenchrivieraagency.com\/index.php\/wp-json\/wp\/v2\/comments?post=1262"}],"version-history":[{"count":16,"href":"https:\/\/frenchrivieraagency.com\/index.php\/wp-json\/wp\/v2\/pages\/1262\/revisions"}],"predecessor-version":[{"id":1332,"href":"https:\/\/frenchrivieraagency.com\/index.php\/wp-json\/wp\/v2\/pages\/1262\/revisions\/1332"}],"wp:attachment":[{"href":"https:\/\/frenchrivieraagency.com\/index.php\/wp-json\/wp\/v2\/media?parent=1262"}],"curies":[{"name":"wp","href":"https:\/\/api.w.org\/{rel}","templated":true}]}}